065?
5, 19, 3527
List the prime factors of 268754.
2, 83, 1619
What are the prime factors of 1137986?
2, 19, 29947
What are the prime factors of 6985350?
2, 3, 5, 19, 43
What are the prime factors of 3568793?
17, 209929
What are the prime factors of 497401?
19, 47, 557
List the prime factors of 750668.
2, 67, 2801
List the prime factors of 775906.
2, 387953
List the prime factors of 133726.
2, 66863
List the prime factors of 116570.
2, 5, 11657
What are the prime factors of 132089?
23, 5743
What are the prime factors of 4075291?
11, 17, 19, 31, 37
What are the prime factors of 19949288?
2, 41, 60821
List the prime factors of 173745.
3, 5, 11, 13
What are the prime factors of 139173?
3, 23, 2017
What are the prime factors of 6782441?
6782441
What are the prime factors of 560131?
11, 13, 3917
What are the prime factors of 76330?
2, 5, 17, 449
What are the prime factors of 12664498?
2, 7, 11, 82237
List the prime factors of 1030894.
2, 37, 13931
List the prime factors of 14127.
3, 17, 277
List the prime factors of 10177803.
3, 47, 24061
What are the prime factors of 1222429?
13, 94033
List the prime factors of 3003153.
3, 29, 34519
List the prime factors of 9042393.
3, 37, 81463
List the prime factors of 222016.
2, 3469
List the prime factors of 6621469.
1871, 3539
List the prime factors of 1645703.
53, 31051
What are the prime factors of 10064529?
3, 239, 4679
What are the prime factors of 19929904?
2, 1245619
What are the prime factors of 5522663?
1423, 3881
List the prime factors of 3111490.
2, 5, 41, 7589
What are the prime factors of 7076797?
7, 13, 19, 4093
What are the prime factors of 15383444?
2, 3845861
List the prime factors of 7178857.
7, 1025551
List the prime factors of 196971.
3, 65657
List the prime factors of 585045.
3, 5, 13001
List the prime factors of 883782.
2, 3, 37, 1327
What are the prime factors of 527184?
2, 3, 7, 523
List the prime factors of 863422.
2, 7, 61673
What are the prime factors of 2596?
2, 11, 59
List the prime factors of 19585727.
7, 2797961
What are the prime factors of 91399?
7, 11, 1187
List the prime factors of 140329.
7, 20047
What are the prime factors of 22171277?
241, 91997
List the prime factors of 31553.
139, 227
List the prime factors of 271783.
173, 1571
List the prime factors of 141178.
2, 70589
List the prime factors of 24004218.
2, 3, 7, 81647
What are the prime factors of 883152?
2, 3, 6133
List the prime factors of 1480554.
2, 3, 83, 991
What are the prime factors of 14340141?
3, 1593349
What are the prime factors of 834429?
3, 278143
List the prime factors of 1135269.
3, 19, 2213
List the prime factors of 8990093.
7, 17, 31, 2437
List the prime factors of 43106.
2, 7, 3079
List the prime factors of 552923.
7, 78989
What are the prime factors of 6910140?
2, 3, 5, 41, 53
List the prime factors of 631790.
2, 5, 63179
List the prime factors of 3504779.
3504779
List the prime factors of 1357549.
1357549
What are the prime factors of 4604977?
13, 17, 67, 311
List the prime factors of 372177.
3, 13, 3181
What are the prime factors of 6705596?
2, 149, 11251
What are the prime factors of 3630951?
3, 403439
What are the prime factors of 523021?
523021
What are the prime factors of 585849?
3, 11, 41, 433
What are the prime factors of 5724642?
2, 3, 7, 11, 12391
What are the prime factors of 13854068?
2, 3463517
List the prime factors of 228050.
2, 5, 4561
List the prime factors of 11722.
2, 5861
List the prime factors of 2024542.
2, 13, 77867
List the prime factors of 8451434.
2, 373, 11329
List the prime factors of 5665302.
2, 3, 11657
What are the prime factors of 3925395?
3, 5, 29077
What are the prime factors of 215074?
2, 53, 2029
List the prime factors of 2025822.
2, 3, 17, 19861
List the prime factors of 1706.
2, 853
What are the prime factors of 2202899?
2202899
What are the prime factors of 9158662?
2, 41, 61, 1831
What are the prime factors of 9937514?
2, 4968757
What are the prime factors of 16487?
16487
List the prime factors of 425545.
5, 85109
List the prime factors of 8374329.
3, 930481
What are the prime factors of 375718?
2, 7, 47, 571
What are the prime factors of 15368577?
3, 7, 23, 47, 677
List the prime factors of 629506.
2, 163, 1931
List the prime factors of 73090.
2, 5, 7309
What are the prime factors of 3417605?
5, 47, 14543
What are the prime factors of 2029129?
23, 88223
What are the prime factors of 2006400?
2, 3, 5, 11, 19
What are the prime factors of 1032229?
11, 107, 877
List the prime factors of 121051.
7, 17293
List the prime factors of 1824828.
2, 3, 41, 3709
What are the prime factors of 1465982?
2, 7, 2137
List the prime factors of 785212.
2, 196303
What are the prime factors of 2275344?
2, 3, 23, 229
What are the prime factors of 439524?
2, 3, 29, 421
List the prime factors of 25740.
2, 3, 5, 11, 13
List the prime factors of 487009.
367, 1327
What are the prime factors of 2595261?
3, 865087
List the prime factors of 391727.
7, 107, 523
List the prime factors of 376045.
5, 75209
List the prime factors of 672972.
2, 3, 56081
List the prime factors of 28410279.
3, 53, 178681
What are the prime factors of 441847?
7, 17, 47, 79
List the prime factors of 1039102.
2, 519551
List the prime factors of 84699.
3, 3137
List the prime factors of 1090687.
13, 53, 1583
List the prime factors of 7951534.
2, 149, 26683
What are the prime factors of 932693?
181, 5153
List the prime factors of 13808080.
2, 5, 11, 13, 17, 71
What are the prime factors of 10645747?
7, 1520821
List the prime factors of 15512955.
3, 5, 1034197
List the prime factors of 139189.
181, 769
What are the prime factors of 585185?
5, 117037
List the prime factors of 2176815.
3, 5, 145121
What are the prime factors of 65197?
11, 5927
What are the prime factors of 986568?
2, 3, 11, 37, 101
What are the prime factors of 57317?
13, 4409
List the prime factors of 3208393.
17, 188729
What are the prime factors of 10020293?
17, 683, 863
What are the prime factors of 22797305?
5, 59, 77279
What are the prime factors of 351022?
2, 7, 25073
What are the prime factors of 13836?
2, 3, 1153
List the prime factors of 25125243.
3, 11, 13, 58567
List the prime factors of 3737207.
439, 8513
List the prime factors of 1545474.
2, 3, 7, 31, 1187
What are the prime factors of 330255?
3, 5, 41, 179
What are the prime factors of 420347?
89, 4723
List the prime factors of 223113.
3, 11, 6761
What are the prime factors of 8501033?
8501033
What are the prime factors of 301796?
2, 11, 19
List the prime factors of 34243.
11, 283
List the prime factors of 21122725.
5, 13, 103, 631
List the prime factors of 217249.
89, 2441
What are the prime factors of 48941?
109, 449
What are the prime factors of 739754?
2, 369877
List the prime factors of 1346538.
2, 3, 224423
List the prime factors of 28213434.
2, 3, 174157
What are the prime factors of 961816?
2, 109, 1103
What are the prime factors of 792529?
792529
List the prime factors of 219854.
2, 37, 2971
What are the prime factors of 2079501?
3, 693167
What are the prime factors of 106430?
2, 5, 29, 367
List the prime factors of 3464416.
2, 108263
What are the prime factors of 394236?
2, 3, 47, 233
List the prime factors of 181304.
2, 131, 173
What are the prime factors of 372708?
2, 3, 7, 17, 29
List the prime factors of 1069285.
5, 7, 137, 223
What are the prime factors of 3892236?
2, 3, 31, 10463
List the prime factors of 797483.
277, 2879
List the prime factors of 154990.
2, 5, 11, 1409
List the prime factors of 5867359.
131, 44789
List the prime factors of 471580.
2, 5, 17, 19, 73
List the prime factors of 13659331.
7, 823, 2371
List the prime factors of 655701.
3, 127, 1721
List the prime factors of 2602611.
3, 11, 23, 127
What are the prime factors of 761206?
2, 41, 9283
List the prime factors of 4856.
2, 607
List the prime factors of 872588.
2, 31, 227
What are the prime factors of 136963?
136963
List the prime factors of 7567414.
2, 17, 23, 9677
What are the prime factors of 419869?
293, 1433
List the prime factors of 1320985.
5, 17, 15541
What are the prime factors of 13434?
2, 3, 2239
List the prime factors of 20036129.
29, 37, 71, 263
List the prime factors of 522925.
5, 13, 1609
What are the prime factors of 10486725?
3, 5, 37, 3779
List the prime factors of 12980050.
2, 5, 23